ivided by v?
0
Suppose -29 = -3*a + 22. Suppose -a*k + 40 = -12*k. Suppose 5*x = -k*x + 364. What is the remainder when x is divided by 8?
4
Suppose -3*a = -7*a. Suppose -q + 31 = -a*q. Let u = q - 0. What is the remainder when 91 is divided by u?
29
Suppose 3*r + 1 = -5*i, -4*i - 3*r - 921 = -916. Suppose -b + 5*q + 10 = b, 3*b - 5*q - 25 = 0. Let k = b + -8. What is the remainder when k is divided by i?
3
Suppose 5*b + 3*r = -r + 1829, 3*r - 368 = -b. What is the remainder when b is divided by 19?
4
Suppose -56 = 2*q - 2*u - 12, 0 = -5*u - 25. Let t = -14 - q. What is the remainder when -2*(18/8)/(3/(-34)) is divided by t?
12
Let f = -33 - -32. What is the remainder when (0 - 88)/f + -4 is divided by (68/(-10))/((-2)/5)?
16
Suppose 52*j - 93*j = -279 - 8. Calculate the remainder when 567 is divided by j.
0
Let u(x) = 4*x**2 + 317*x + 750. What is the remainder when u(-85) is divided by 14?
3
Suppose 5*u - 15 = 0, -2*t - 147*u + 15 = -144*u. Let i(a) = 6*a**2 + 1. What is the remainder when i(2) is divided by t?
1
What is the remainder when 20*(-2)/(32/(-52)) is divided by ((-2)/5)/(4/(-140))?
9
Suppose 26 = -6*a + 236. Let y = -31 + a. Let h = y - -32. Calculate the remainder when 140 is divided by h.
32
Suppose -192 = -3*y - l + 316, -5*y = l - 850. Suppose -2*x - 215 = c, -4*x - 5*c + 2*c - 435 = 0. Let b = y + x. What is the remainder when b is divided by 23?
20
Let x = 4 + 0. Calculate the remainder when -36*((-30)/8 - 2/x) is divided by 11.
10
What is the remainder when 180 is divided by 2/(-7) + (-138370)/(-959)?
36
Let i be -4 - -19 - 0 - 0. Suppose 3*k + 2*k = -i. Calculate the remainder when (1 + 0)*k/((-18)/942) is divided by 40.
37
Let p(q) = 7*q**2 - 3*q - 6. Let b(o) = -o**2 + 12*o - 8. Let r be b(11). Calculate the remainder when p(r) is divided by 20.
8
Suppose 5*t = -2*c + 1507, 0 = -3*c + 287*t - 291*t + 2271. What is the remainder when c is divided by 55?
46
Let g = 37 - 107. Let f = g - -72. Suppose -3*h - f - 6 = -2*d, -3*d + h = -5. What is the remainder when 6 is divided by d?
0
Calculate the remainder when -6658*((-11)/2 + 290/58) is divided by 36.
17
Let z(p) = -22*p - 103. Let n be z(-4). Let i(j) = j**3 + 17*j**2 + 29*j - 9. Suppose 0*a - 28 = -4*a. What is the remainder when a is divided by i(n)?
1
Suppose -211 - 280 = -s + 4*m, s = -5*m + 473. What is the remainder when s is divided by 115?
23
Let b = -1606 - -1836. Calculate the remainder when 389 is divided by b.
159
Let o = 887 - 174. Let v = o - 531. What is the remainder when v is divided by 46?
44
Suppose 0 = -2*m, 3*k - 2*m = -4 - 8. Let w = 7 + k. Suppose 3 + 12 = 5*l. What is the remainder when l is divided by w?
0
Suppose 5*w - 4*j = -8*j + 18, 2*w - 6 = -2*j. Suppose -2*c = -w*c + k + 176, 12 = 3*k. Calculate the remainder when c is divided by (0 - -15) + 6/36*6.
13
Let l(f) be the third derivative of f**6/120 - f**5/6 + 25*f**4/24 - 3*f**3/2 - 84*f**2. What is the remainder when 374 is divided by l(8)?
59
Let i(q) = 2*q**2 + 130*q - 4838. Calculate the remainder when i(31) is divided by 33.
25
Let u(s) = -2*s. Let t be u(1). Let d be (-170)/(-12) - t/(-12). Suppose 3*g - 248 = -d. Calculate the remainder when g is divided by 27.
24
Let t = -133 - -283. Let y = -401 - -423. Calculate the remainder when t is divided by y.
18
Let v(z) = z**3 - 23*z**2 - 57*z + 2. Let i be (-9)/((-27)/78) + -2 + 1. Let k be v(i). Let u = 247 + k. What is the remainder when u is divided by 26?
22
What is the remainder when (-3)/(-2)*(-69290)/(-615) is divided by 162?
7
Let j(i) = 24 - 2*i - 8 + 12. Let v(l) = -2*l**2 - 12*l + 1. Let q be v(-7). Calculate the remainder when j(q) is divided by 11.
10
Let o = -245 + 317. Suppose 2*t - 6 = 4*l - 5*l, 3*t = -2*l + 12. Calculate the remainder when (0 + l)/(18/o) is divided by 13.
11
Suppose -4*n - 5*o = 409, o - 4*o = -9. Let f = -68 - n. Let p(d) = 5*d**2 + 6*d - 7. Calculate the remainder when p(5) is divided by f.
34
Suppose -12 = 4*b - 5*c, -5*b + 16*c = 11*c + 15. Calculate the remainder when 380/(-4)*(-1 - -4)/b is divided by 16.
15
Suppose 7*g + 255 = 12*g. Suppose 158*x = -658 + 3028. Calculate the remainder when g is divided by x.
6
Let d = 1 - -13. Let m(l) be the second derivative of -11*l**5/20 - 16*l**3/3 - 59*l**2/2 + 17*l - 1. Calculate the remainder when m(-2) is divided by d.
9
Let p(n) = -2*n**3 - 15*n**2 - 9*n + 13. What is the remainder when p(-7) is divided by 20?
7
Suppose -351*m + 2921 = -224*m. Calculate the remainder when 2709 is divided by m.
18
Let w = 2829 + -2815. What is the remainder when 1116 is divided by w?
10
Suppose i = -2*t + 4, i - 11 = -i - 3*t. Suppose -p = 4*s - 4*p - 40, s = -5*p + i. What is the remainder when 29 is divided by s?
9
Suppose -814 = -3*w - 2*l, -151*l = 2*w - 157*l - 484. Calculate the remainder when 490 is divided by w.
224
Let c = -7768 - -8665. Calculate the remainder when c is divided by 113.
106
Suppose 2*c - 302 = -3*f, -534 = -4*f - 2*c - 134. Suppose -f = 15*z - 17*z. Suppose 3*a - 80 = -5. Calculate the remainder when z is divided by a.
24
Let g(d) = -d**2 - 20*d - 20. Calculate the remainder when 94 is divided by g(-18).
14
Suppose -57*j + 5007 = -5880. What is the remainder when 1909 is divided by j?
190
Suppose 4*n - 82 = 62. Let y = -50 + 55. Calculate the remainder when n is divided by y.
1
Let m = -103 + 151. Suppose -4*n = m - 56. Let p = 13 + -9. Calculate the remainder when p is divided by n.
0
Let y(m) = 26*m. Let k be y(-1). Suppose 0 = 3*d + 2*f - 87, 15*f - 10*f = -d + 29. Let n = d + k. Calculate the remainder when n is divided by 2.
1
Let o(s) = 2*s**2 - 82*s + 917. What is the remainder when o(36) is divided by 270?
17
Let w(u) = 10*u**2 + u. Let a(j) = 5*j + 37. Let c be a(-7). Calculate the remainder when (24/(-3)*-10)/c is divided by w(1).
7
Let r(w) = -w - 5. Suppose -68 = -0*t + 4*t. Let a be r(t). Suppose -a*o = -7*o - 90. What is the remainder when 87 is divided by o?
15
Let l(z) = -410*z + 8107. Calculate the remainder when l(12) is divided by 29.
26
Let x = 534 + -721. Let i = 570 - x. What is the remainder when i is divided by 20?
17
Suppose 2*s = -0*s + 388. Suppose -s = -2*q - 4*o, -4*q + 2*o + 333 = -o. Let a = -354 + 369. Calculate the remainder when q is divided by a.
12
Suppose 9*a = -4*a. Suppose a*x + 5*x - 20 = 0. Suppose x*q = -2*c + 232, 3*q + 2*c = 3*c + 169. Calculate the remainder when q is divided by 30.
27
Suppose 4 = -m, -3*q - 2*m + 75 = m. Let w be (5 - (-474)/24)*40/3. Let f = -277 + w. Calculate the remainder when f is divided by q.
24
Suppose -q + 39*z = 44*z - 6822, 2*q - 13704 = 2*z. What is the remainder when q is divided by 31?
27
Suppose 111*h + 243*h = 57*h + 16632. Suppose 0 = 2*m + 4*c - 13 - 23, -m - 5*c + 18 = 0. Calculate the remainder when h is divided by m.
2
Suppose 2*n + 2*z + 922 = 4*n, 3*n - 1379 = 4*z. Let d = n + -317. Suppose -5*m = -f + d, -2*m = -3*m. Calculate the remainder when f is divided by 25.
23
Suppose 2*h - 6 = 5*h + 3*g, -3*h = 5*g - 2. What is the remainder when 120 is divided by (-254)/(-6) + (32/h - -6)?
34
Suppose 0 = 25*u - 40*u + 8430. Calculate the remainder when 565 is divided by u.
3
Suppose 22*p = 15781 + 895. Suppose -p - 58 = -16*g. Let k(w) = 27*w**2 - w + 1. What is the remainder when g is divided by k(1)?
24
Let h(l) = -88*l + 27. What is the remainder when h(-14) is divided by 144?
107
Suppose -3*v = -2*h + 308, -4*h - 4*v + 932 = 296. Let s(j) = -123*j**3 - 487*j**2 + 9*j + 12. Calculate the remainder when h is divided by s(-4).
45
Suppose -o + r - 354 = -6*o, -3*o + 211 = 2*r. What is the remainder when 216 is divided by o?
3
Let x(o) = -o**3 + 18*o**2 + 182*o - 81. Calculate the remainder when 234 is divided by x(25).
46
Let s = -8948 - -9000. What is the remainder when s is divided by 47?
5
Let n be ((-1)/(-2))/((-1)/6). Let o(f) = -f**2 - 11*f - 13. Calculate the remainder when 21 is divided by o(n).
10
Suppose q = 17 - 13. Suppose 4*w = -3*v - 113, 4*w + 83 = -4*v - 33. Let z = w + 45. What is the remainder when z is divided by q?
3
Let s(p) = -238*p - 42. Let y be s(-9). Suppose y = 2*g + 2*g. Suppose -2*r = -3*k + 2*r + 315, -3*r = -5*k + g. What is the remainder when k is divided by 28?
21
Suppose 3*b = -4*c + 255, c - 2*c = b - 64. Let r(u) = 4*u**3 + 208*